tor of 5915 and 12285.
455
What is the highest common divisor of 13 and 491569?
13
Calculate the greatest common divisor of 495719 and 483.
161
Calculate the highest common divisor of 10 and 6475.
5
Calculate the highest common factor of 4875 and 148785.
195
What is the greatest common divisor of 1116 and 8676?
36
What is the greatest common divisor of 191370 and 45?
15
What is the highest common divisor of 318224 and 368?
16
What is the greatest common factor of 3122 and 27206?
446
What is the greatest common divisor of 51042 and 1504?
94
Calculate the highest common divisor of 334087 and 403.
403
Calculate the greatest common divisor of 467976 and 7992.
888
Calculate the highest common divisor of 2126 and 241301.
1063
What is the greatest common factor of 51 and 13753?
17
What is the greatest common factor of 420 and 637770?
210
Calculate the greatest common divisor of 13612 and 1079.
83
Calculate the greatest common factor of 2266 and 191950.
22
What is the highest common divisor of 2760 and 1516620?
1380
What is the highest common factor of 14 and 6818?
14
Calculate the highest common divisor of 696 and 3683.
29
Calculate the greatest common divisor of 14773 and 1683.
187
What is the highest common divisor of 22647 and 3?
3
Calculate the highest common factor of 27067591 and 61.
61
What is the greatest common factor of 330 and 9210?
30
What is the highest common divisor of 53105 and 25?
5
What is the highest common divisor of 1782 and 120021?
33
Calculate the greatest common divisor of 1782293 and 46.
23
What is the highest common divisor of 1607289 and 366?
183
Calculate the highest common divisor of 1060 and 851816.
212
What is the greatest common factor of 50 and 204650?
50
Calculate the greatest common factor of 266 and 1035139.
133
What is the greatest common divisor of 1958 and 286?
22
Calculate the highest common factor of 155 and 44733.
31
What is the greatest common factor of 332724 and 357?
357
What is the highest common divisor of 340 and 76228?
68
Calculate the highest common factor of 1260 and 276465.
105
Calculate the greatest common factor of 198 and 761220.
18
Calculate the highest common divisor of 86 and 75766.
86
Calculate the greatest common factor of 21 and 281733.
3
Calculate the greatest common divisor of 273 and 214968.
39
Calculate the highest common factor of 15932 and 12656.
28
What is the greatest common factor of 4887 and 12308?
181
Calculate the highest common factor of 247072 and 1120.
224
Calculate the highest common divisor of 738572 and 232.
116
Calculate the greatest common divisor of 2487 and 50.
1
What is the greatest common divisor of 25 and 46615?
5
What is the highest common factor of 474 and 970752?
474
What is the highest common divisor of 40147 and 4028?
19
What is the highest common factor of 318 and 392253?
159
Calculate the greatest common divisor of 27454 and 666.
74
What is the highest common factor of 6777 and 3514?
251
What is the highest common divisor of 3536 and 14688?
272
Calculate the greatest common factor of 36234 and 6102.
54
What is the greatest common factor of 1055989 and 121?
11
What is the greatest common divisor of 5242087 and 43?
43
Calculate the greatest common factor of 31317 and 663.
39
Calculate the highest common factor of 11186 and 455336.
658
Calculate the greatest common divisor of 598 and 59748.
26
What is the greatest common divisor of 200 and 725?
25
What is the greatest common divisor of 7341 and 9?
3
Calculate the highest common divisor of 166 and 666.
2
Calculate the highest common factor of 307753 and 467.
467
What is the highest common divisor of 6 and 6002?
2
Calculate the greatest common factor of 31869 and 18.
9
Calculate the highest common divisor of 40 and 46520.
40
What is the greatest common divisor of 320 and 1170?
10
Calculate the greatest common divisor of 25 and 128600.
25
Calculate the greatest common factor of 900 and 48024.
36
What is the greatest common divisor of 18 and 62352?
18
What is the highest common divisor of 2584 and 5624?
152
What is the highest common factor of 24 and 5448?
24
What is the greatest common divisor of 5 and 7775?
5
What is the highest common divisor of 4234468 and 86?
86
Calculate the greatest common factor of 230 and 83306.
46
Calculate the greatest common divisor of 1224 and 63784.
136
What is the highest common factor of 71136 and 2717?
247
Calculate the highest common factor of 155988 and 6804.
252
Calculate the highest common factor of 380 and 259800.
20
What is the greatest common factor of 1976 and 4826?
38
What is the greatest common factor of 259 and 6401?
37
Calculate the greatest common factor of 3018 and 3521.
503
What is the highest common factor of 2040 and 1560?
120
What is the greatest common divisor of 1640 and 3240?
40
Calculate the highest common divisor of 838 and 158801.
419
Calculate the highest common factor of 1335 and 32610.
15
What is the greatest common factor of 1441 and 4521?
11
What is the highest common divisor of 38681 and 8413?
47
Calculate the greatest common factor of 546 and 23142.
42
Calculate the highest common divisor of 566 and 300.
2
Calculate the greatest common divisor of 6258 and 672.
42
Calculate the greatest common divisor of 18 and 762822.
18
What is the highest common divisor of 1743 and 3633?
21
What is the highest common factor of 1199701 and 3027?
1009
What is the highest common factor of 252 and 3708?
36
Calculate the highest common factor of 589 and 52111.
31
What is the highest common factor of 13 and 26507?
13
What is the highest common divisor of 8 and 1413248?
8
What is the greatest common divisor of 313894 and 490?
98
Calculate the highest common factor of 28 and 1902.
2
What is the highest common factor of 130528 and 4?
4
Calculate the highest common divisor of 121378 and 4.
2
Calculate the highest common divisor of 550064 and 7936.
496
Calculate the greatest common factor of 56332 and 80.
4
What is the highest common factor of 12 and 23937?
3
Calculate the greatest common divisor of 3360 and 29295.
105
Calculate the greatest common divisor of 16238 and 235804.
706
What is the greatest common divisor of 128 and 11552?
32
What is the highest common factor of 8830 and 1910?
10
What is the greatest common divisor of 132 and 131604?
132
Calculate the highest common factor of 169 and 41912.
169
Calculate the highest common factor of 6512038 and 282.
94
Calculate the highest common factor of 232 and 4072.
8
Calculate the greatest common divisor of 11616 and 244904.
968
What is the greatest common factor of 9 and 50823?
9
Calculate the greatest common factor of 5610 and 408034.
374
Calculate the greatest common factor of 6800 and 250.
50
Calculate the greatest common factor of 18214 and 1750.
14
What is the greatest common divisor of 77 and 148701?
7
Calculate the greatest common divisor of 3944 and 3480.
232
What is the greatest common divisor of 93 and 2091787?
31
What is the highest common factor of 579240 and 40?
40
What is the greatest common factor of 11417 and 3728?
233
Calculate the highest common divisor of 35 and 807653.
7
Calculate the highest common factor of 8 and 80536.
8
What is the highest common factor of 270 and 283500?
270
Calculate the highest common factor of 322 and 5362.
14
What is the highest common divisor of 112736 and 2704?
208
What is the highest common divisor of 6720 and 1785?
105
Calculate the highest common factor of 504 and 1305864.
504
What is the highest common factor of 8931 and 741?
39
What is the greatest common divisor of 57749 and 79?
79
What is the greatest common divisor of 78 and 4407?
39
Calculate the highest common divisor of 106125 and 125.
125
What is the greatest common divisor of 191452 and 368?
92
What is the highest common divisor of 561 and 43527?
33
What is the highest common factor of 43229 and 72463?
311
Calculate the highest common divisor of 90405 and 13530.
615
What is the greatest common factor of 1738 and 73154?
158
Calculate the highest common divisor of 127310 and 580.
290
Calculate the highest common factor of 42 and 25158.
42
Calculate the highest common factor of 9018 and 864.
54
What is the highest common factor of 51 and 101949?
51
Calculate the greatest common factor of 52 and 85842.
2
Calculate t